culate i(-4).
24
Let r(m) = -m**3 + 47*m**2 + 95*m + 166. Determine r(49).
19
Let x(u) = 3*u - 103. Determine x(33).
-4
Let v(c) = c**2 + 12*c + 40. What is v(-9)?
13
Let r(a) = a**3 + 2*a**2 + 4*a + 4. Calculate r(-3).
-17
Let u(y) = -y**3 - 8*y**2 + 7*y - 23. Calculate u(-9).
-5
Let u(p) = -11*p**2 + 11*p + 3. What is u(-3)?
-129
Let k(r) = -r**2 + 17*r - 51. What is k(13)?
1
Let c(s) = -s**2 - 4*s + 3. Calculate c(-4).
3
Let j(s) = -s**2 - 13*s + 1. Determine j(-11).
23
Let b(o) = o**3 - 7*o**2 - 9*o - 1. Calculate b(8).
-9
Let b(n) = -n**2 + 5*n + 1. Determine b(7).
-13
Let o(m) = m**3 - 18*m**2 - 20*m + 15. Give o(19).
-4
Let c(a) = -60*a + 340. Calculate c(6).
-20
Let p(f) = -9*f**2 - 72*f - 12. Determine p(-8).
-12
Let o(r) = r**2 + 21*r + 36. Determine o(-19).
-2
Let u(o) = -2*o**2 + 5*o + 7. Determine u(5).
-18
Let p(y) = y**3 + 3*y**2 - y + 2. Calculate p(-2).
8
Let y(k) = -k**2 - 50*k + 95. Determine y(-52).
-9
Let y(x) = -6*x + 27. Calculate y(13).
-51
Let o(t) = -t**3 - 6*t**2 + 3*t + 14. Calculate o(-6).
-4
Let p(b) = b**2 - 18*b + 11. Determine p(6).
-61
Let c(o) = o**2 - 28*o - 5. Determine c(28).
-5
Let h(t) = t + 10. Give h(-23).
-13
Let k(n) = -n**2 - 13*n - 37. What is k(-7)?
5
Let c(l) = 3*l - 79. What is c(-13)?
-118
Let w(l) = l**2 - 22*l - 14. What is w(18)?
-86
Let q(m) = 4*m + 30. Give q(-9).
-6
Let u(c) = -13*c - 4. What is u(-4)?
48
Let s(x) = -x**3 - 13*x**2 + 13*x - 16. Determine s(-14).
-2
Let d(u) = u**2 + 14*u - 18. Give d(-15).
-3
Let c(i) = -i**2 - 13*i + 24. What is c(-16)?
-24
Let m(s) = -s**3 + 32*s**2 + 33*s + 23. Determine m(33).
23
Let w(i) = 20*i + 53. What is w(-3)?
-7
Let u(g) = g**3 + 9*g**2 - 3*g + 70. Calculate u(-10).
0
Let m(k) = -k - 4. Calculate m(13).
-17
Let f(u) = -2*u**3 - 15*u**2 + u - 51. What is f(-8)?
5
Let r(s) = s**2 + 14*s + 53. What is r(-4)?
13
Let r(c) = -17*c + 366. Calculate r(23).
-25
Let u(o) = -o**2 - 5*o - 9. What is u(-3)?
-3
Let q(d) = d - 7. Give q(-3).
-10
Let c(x) = x**3 - 11*x**2 + 12*x - 29. Calculate c(9).
-83
Let g(i) = i**2 + 10*i - 1. Determine g(-15).
74
Let v(x) = -18*x - 11. Give v(-6).
97
Let s(m) = 9*m**3 - m**2 - 5*m - 4. Calculate s(-1).
-9
Let l(p) = -p**2 - p - 2. Determine l(-2).
-4
Let n(z) = -z**3 - 3*z**2 - z - 2. Give n(-4).
18
Let b(o) = 2*o + 9. What is b(7)?
23
Let y(m) = m**2 + m - 16. Give y(-7).
26
Let x(n) = -9*n - 9. What is x(-4)?
27
Let k(g) = 4*g - 33. Determine k(8).
-1
Let x(i) = -5*i**2 - 3*i - 1. What is x(-2)?
-15
Let p(t) = -3*t + 64. Calculate p(6).
46
Let z(n) = -n**3 + 18*n**2 - 17*n - 5. Give z(17).
-5
Let c(x) = 44*x - 176. What is c(4)?
0
Let s(m) = m**2 + 2*m - 10. Give s(5).
25
Let j(m) = -m**2 - 2*m - 12. Determine j(-6).
-36
Let z(n) = n**3 - 34*n**2 + 33*n + 13. Give z(33).
13
Let n(z) = z**3 + 11*z**2 + 13*z + 16. Calculate n(-10).
-14
Let n(q) = -q**3 - 3*q**2 + 7*q + 11. Determine n(-4).
-1
Let z(v) = 5*v - 70. Give z(16).
10
Let j(y) = y**2 + 5*y - 4. Determine j(-5).
-4
Let q(n) = -2*n**2 + 3*n. Calculate q(4).
-20
Let k(l) = l**2 - l + 25. Give k(0).
25
Let k(p) = -p**2 + 23*p - 107. Determine k(17).
-5
Let b(x) = 2*x**3 - 5*x**2 + 6*x - 8. Give b(4).
64
Let k(x) = -x**3 - 4*x**2 + 12*x + 13. Calculate k(-6).
13
Let i(j) = -j + 2. What is i(8)?
-6
Let a(f) = -f + 4. Determine a(-7).
11
Let q(s) = -s**2 - 3*s - 4. Calculate q(-2).
-2
Let r(j) = -2*j**2 - j + 3. Give r(-3).
-12
Let r(w) = -w**3 - 9*w**2 - 9*w - 7. Give r(-7).
-42
Let i(k) = k + 18. Give i(8).
26
Let s(p) = p**2 - 14*p - 8. What is s(10)?
-48
Let t(b) = b**2 - 14*b + 43. Give t(7).
-6
Let k(t) = t**3 + 19*t**2 - 21*t - 18. What is k(-20)?
2
Let c(l) = -4*l**2 - 22*l - 10. Determine c(-5).
0
Let i(k) = 7*k - 3. Determine i(2).
11
Let z(o) = o**3 - 2*o**2 - 4*o + 4. Calculate z(3).
1
Let d(r) = -2*r**2 + 18*r - 2. Calculate d(8).
14
Let x(s) = s**3 - 6*s**2 - 7*s + 1. Determine x(5).
-59
Let p(j) = -j**2 - j + 19. Give p(-6).
-11
Let z(q) = -q**3 + 14*q**2 - 15*q - 4. Give z(13).
-30
Let q(o) = 5*o**2 - 28*o + 25. Determine q(5).
10
Let d(s) = -4*s**2 - 4*s - 1. Determine d(-2).
-9
Let t(k) = 16*k**2 + 1. Calculate t(1).
17
Let l(r) = 4*r**2 - 34*r - 9. Give l(8).
-25
Let g(r) = -r**3 + 2*r**2 - 4*r + 7. Determine g(3).
-14
Let p(m) = m**3 - 4*m**2 - 6*m + 4. Determine p(4).
-20
Let p(d) = d**3 + 10*d**2 - 55*d + 9. Calculate p(-14).
-5
Let p(x) = -x**2 - 7*x + 8. Give p(-5).
18
Let r(o) = -2*o + 41. Calculate r(16).
9
Let z(c) = -49*c**2 + 2*c. Give z(-1).
-51
Let k(b) = -b**3 + b**2 + b + 17. Give k(0).
17
Let s(b) = -2*b - 14. Calculate s(9).
-32
Let v(l) = l**2 + 6*l - 3. Determine v(-6).
-3
Let s(c) = 2*c**3 - 2*c**2 - c + 1. Calculate s(-1).
-2
Let r(c) = 2*c + 13. Determine r(-12).
-11
Let h(i) = i**3 + 13*i**2 - 15*i - 8. Calculate h(-14).
6
Let k(w) = w**2 + 15*w - 26. What is k(2)?
8
Let r(i) = -2*i**2 + 11*i - 10. What is r(9)?
-73
Let k(l) = l**3 + 7*l**2 - 10*l + 8. What is k(-8)?
24
Let n(r) = -27*r + 77. Calculate n(3).
-4
Let g(q) = 2*q**3 + 2*q**2 - 3*q + 1. Give g(1).
2
Let j(c) = 26*c + 14. Calculate j(-5).
-116
Let p(w) = -w**2 + 27*w + 16. What is p(27)?
16
Let v(g) = -4*g**2 - 2*g - 2. Give v(-1).
-4
Let d(t) = 2*t**3 + 26*t**2 - 5*t - 18. What is d(-13)?
47
Let z(a) = a**2 + 2*a - 48. What is z(7)?
15
Let k(l) = l**3 - 2*l**2 - 4*l + 2. Calculate k(3).
-1
Let w(m) = m**3 + 6*m**2 - 16*m - 8. What is w(-8)?
-8
Let d(c) = -c - 40. Calculate d(-41).
1
Let o(t) = 9*t. Determine o(1).
9
Let z(y) = -7*y - 36. Determine z(-5).
-1
Let u(a) = 2*a**2 - 3*a - 3. Determine u(-2).
11
Let d(x) = -x**2 - 2*x + 4. What is d(-4)?
-4
Let i(t) = 2*t**2 - 13*t. Give i(7).
7
Let j(t) = t**3 + 14*t**2 - 16*t - 19. Determine j(-15).
-4
Let w(t) = -t + 1. What is w(-4)?
5
Let p(m) = -2*m**3 - 3*m**2 - 4*m - 4. What is p(-2)?
8
Let y(u) = 4*u**2 + 12*u - 3. Calculate y(-4).
13
Let n(o) = -o**3 + 7*o**2 + 3*o + 2. Determine n(7).
23
Let h(c) = -4*c + 21. What is h(7)?
-7
Let z(p) = -p**2 + 14*p. Calculate z(14).
0
Let t(u) = 94*u - 98. Give t(1).
-4
Let p(c) = c**3 - 7*c**2 + 6*c + 17. Determine p(6).
17
Let v(c) = -c**2 + 14*c. Determine v(13).
13
Let f(m) = m**3 - 3*m**2 - m + 3. Calculate f(3).
0
Let f(n) = n**3 - 14*n**2 - 13*n - 7. Give f(15).
23
Let v(o) = -o - 2. Give v(5).
-7
Let z(j) = j**2 + 17*j - 17. Determine z(-19).
21
Let c(h) = -18*h + 185. What is c(8)?
41
Let l(s) = 2*s**3 - 20*s**2 + 45*s - 238. Determine l(9).
5
Let l(x) = -15*x - 340. Determine l(-22).
-10
Let t(y) = 2*y**2 + 20*y - 11. Give t(-10).
-11
Let x(f) = 4*f**2 + 5*f - 6. Determine x(1).
3
Let w(i) = i**3 - 7*i**2 + 5*i + 11. Determine w(4).
-17
Let b(f) = -f**3 + 7*f**2 + 6*f + 11. Calculate b(8).
-5
Let n(f) = 4*f + 5. Determine n(-3).
-7
Let h(o) = o**2 - 1. Determine h(-5).
24
Let p(b) = -2*b - 1. What is p(-1)?
1
Let h(w) = w + 24. Calculate h(-15).
9
Let w(y) = -y**2 + 4. Calculate w(3).
-5
Let k(w) = -20*w - 188. Determine k(-9).
-8
Let t(l) = 9*l + 148. Determine t(-9).
67
Let k(n) = n**3 + 6*n**2 - 6*n - 6. What is k(-7)?
-13
Let t(d) = 16*d + 13. Give t(-3).
-35
Let h(f) = f**3 - 14*f**2 + 12*f + 20. Determine h(13).
7
Let j(z) = -z**3 - 3*z**2 + z. Determine j(-4).
12
Let h(t) = -7*t + 2. Calculate h(1).
-5
Let o(z) = 6*z**2 - 3*z + 3. Give o(2).
21
Let a(z) = z + 9. Calculate a(-3).
6
Let u(w) = w**2 - 9*w + 4. What is u(7)?
-10
Let i(n) = n**3 + 5*n**2 + n - 4. Calculate i(0).
-4
Let t(u) = -4*u + 37. What is t(10)?
-3
Let t(d) = -d**2 + 7*d + 5. Determine t(8).
-3
Let t(p) = p**2 + 6*p - 3. Give t(-5).
-8
Let h(n) = -n**2 + 7*n - 7. Calculate h(4).
5
Let r(i) = -i**3 + 8*i**2 - 9*i - 1. What is r(7)?
-15
Let x(p) = -14*p - 15. Give x(-1).
-1
Let w(g) = g**2 - 21*g + 58. What is w(18)?
4
Let y(t) = t**3 - 15*t**2 + 5*t + 31. Calculate y(15).
106
Let j(t) = 2*t**2 - 13*t + 5. Calculate j(2).
-13
Let p(f) = -3*f - 25. Determine p(-12).
11
Let o(t) = t**3 - 17*t**2 - 13*t - 2. Calculate o(18).
88
Let o(t) = -t**2 + t + 7. Determine o(4).
-5
Let w(t) = -2*t - 3. Give w(7).
-17
Let t(c) = 5*c**3 + 54*c**2 - 11*c + 10. What is t(-11)?
10
Let y(v) = -v**3 + 6*v**2 - 3*v + 2. Determine y(6).
-16
Let a(w) = -w**3 + 7*w**2 - 2*w + 12. Determine a(7).
-2
Let n(o) = -3*o**3 + 33*o**2 + o - 15. What is n(11)?
-4
Let q(b) = 2*b + 40. Calculate q(-20).
0
Let r(x) = 2*x - 13